{"id":298,"date":"2012-01-04T00:40:55","date_gmt":"2012-01-04T00:40:55","guid":{"rendered":"http:\/\/cossalter.net\/?page_id=298"},"modified":"2017-11-18T22:15:32","modified_gmt":"2017-11-18T22:15:32","slug":"a-propos-de-ce-site","status":"publish","type":"page","link":"https:\/\/www.cossalter.net\/?page_id=298","title":{"rendered":"A propos de ce site"},"content":{"rendered":"<p>Le site cossalter.net est le site personnel de Philippe Cossalter.<\/p>\n<p>La personnalisation est, certes, toute relative. J&#8217;ai fait le choix d&#8217;investir l&#8217;espace public offert par Internet, sans toutefois m&#8217;exposer personnellement, ainsi que mes proches. Le contenu, parfois &#8220;personnel&#8221; (v. en particulier la section Otium) ne d\u00e9voile aucune pr\u00e9f\u00e9rence \u00a0politique, et ne donne aucune indication (du moins je l&#8217;esp\u00e8re) sur ma vie priv\u00e9e.<\/p>\n<p>D&#8217;autres sites sont li\u00e9s \u00e0 celui-ci, qui d\u00e9livreront des informations relatives \u00e0 mon activit\u00e9 universitaire :<\/p>\n<ul>\n<li>Le site de la Chaire de droit public fran\u00e7ais de l&#8217;Universit\u00e9 de la Sarre, dont je suis titulaire (<a href=\"http:\/\/lfoer.cjfa.eu\" target=\"_blank\" rel=\"noopener\">http:\/\/lfoer.cjfa.eu)<\/a><\/li>\n<li>Le site du Centre juridique franco-allemand (<a href=\"http:\/\/www.cjfa.eu\" target=\"_blank\" rel=\"noopener\">http:\/\/www.cjfa.eu<\/a>) que j&#8217;ai l&#8217;honneur de diriger.<\/li>\n<\/ul>\n<p>Certaines informations seront redondantes. C&#8217;est un choix d\u00e9lib\u00e9r\u00e9.<\/p>\n<p>Il m&#8217;est apparu int\u00e9ressant en effet de diffuser, sur les sites &#8220;partenaires&#8221; des informations scientifiques que j&#8217;ai produites, ou \u00e0 la production desquelles j&#8217;ai particip\u00e9. Cependant, par souci de ne pas m&#8217;attribuer les m\u00e9rites des institutions pour lesquelles je travaille, je ne souhaite pas centraliser l&#8217;ensemble des informations sur mon site personnel.<\/p>\n<p>Inversement, je n&#8217;ai pas souhait\u00e9, comme l&#8217;ont l\u00e9gitimement fait d&#8217;autres titulaires de Chaires au sein de l&#8217;Universit\u00e9 de la Sarre, m&#8217;identifier \u00e0 la Chaire que j&#8217;occupe. Il existe un avant, et un au-dehors.<\/p>\n<p>De nombreuses nouveaut\u00e9s appara\u00eetront sur le pr\u00e9sent site dans des temps tr\u00e8s proches. Vous pourrez en \u00eatre inform\u00e9s en souscrivant aux flux RSS, ou en vous abonnant aux diff\u00e9rents r\u00e9seaux sociaux auxquels j&#8217;ai souscrits.<\/p>\n<p>&nbsp;<\/p>\n<p>&nbsp;<\/p>\n","protected":false},"excerpt":{"rendered":"<p>Le site cossalter.net est le site personnel de Philippe Cossalter. La personnalisation est, certes, toute relative. J&#8217;ai fait le choix d&#8217;investir l&#8217;espace public offert par Internet, sans toutefois m&#8217;exposer personnellement, ainsi que mes proches. Le contenu, parfois &#8220;personnel&#8221; (v. en particulier la section Otium) ne d\u00e9voile aucune pr\u00e9f\u00e9rence \u00a0politique, et ne donne aucune indication (du [&hellip;]<\/p>\n","protected":false},"author":2,"featured_media":0,"parent":0,"menu_order":0,"comment_status":"open","ping_status":"open","template":"","meta":{"_et_pb_use_builder":"","_et_pb_old_content":"","_et_gb_content_width":"","footnotes":""},"class_list":["post-298","page","type-page","status-publish","hentry"],"_links":{"self":[{"href":"https:\/\/www.cossalter.net\/index.php?rest_route=\/wp\/v2\/pages\/298","targetHints":{"allow":["GET"]}}],"collection":[{"href":"https:\/\/www.cossalter.net\/index.php?rest_route=\/wp\/v2\/pages"}],"about":[{"href":"https:\/\/www.cossalter.net\/index.php?rest_route=\/wp\/v2\/types\/page"}],"author":[{"embeddable":true,"href":"https:\/\/www.cossalter.net\/index.php?rest_route=\/wp\/v2\/users\/2"}],"replies":[{"embeddable":true,"href":"https:\/\/www.cossalter.net\/index.php?rest_route=%2Fwp%2Fv2%2Fcomments&post=298"}],"version-history":[{"count":6,"href":"https:\/\/www.cossalter.net\/index.php?rest_route=\/wp\/v2\/pages\/298\/revisions"}],"predecessor-version":[{"id":504,"href":"https:\/\/www.cossalter.net\/index.php?rest_route=\/wp\/v2\/pages\/298\/revisions\/504"}],"wp:attachment":[{"href":"https:\/\/www.cossalter.net\/index.php?rest_route=%2Fwp%2Fv2%2Fmedia&parent=298"}],"curies":[{"name":"wp","href":"https:\/\/api.w.org\/{rel}","templated":true}]}}